{"id":211,"date":"2025-08-27T08:56:25","date_gmt":"2025-08-27T08:56:25","guid":{"rendered":"https:\/\/arngast-immobilienmanagement.de\/index.php\/penny-grow-contact\/"},"modified":"2025-10-02T09:42:06","modified_gmt":"2025-10-02T09:42:06","slug":"kontakt","status":"publish","type":"page","link":"https:\/\/arngast-immobilienmanagement.de\/index.php\/kontakt\/","title":{"rendered":"Kontakt"},"content":{"rendered":"\t\t<div data-elementor-type=\"wp-page\" data-elementor-id=\"211\" class=\"elementor elementor-211\" data-elementor-post-type=\"page\">\n\t\t\t\t<div class=\"elementor-element elementor-element-1f5726b e-grid e-con-boxed e-con e-parent\" data-id=\"1f5726b\" data-element_type=\"container\" data-e-type=\"container\" data-settings=\"{&quot;background_background&quot;:&quot;classic&quot;,&quot;sticky&quot;:&quot;top&quot;,&quot;sticky_on&quot;:[&quot;desktop&quot;,&quot;tablet&quot;,&quot;mobile&quot;],&quot;sticky_offset&quot;:0,&quot;sticky_effects_offset&quot;:0,&quot;sticky_anchor_link_offset&quot;:0}\">\n\t\t\t\t\t<div class=\"e-con-inner\">\n\t\t\t\t<div class=\"elementor-element elementor-element-5ddd72f elementor-widget elementor-widget-image\" data-id=\"5ddd72f\" data-element_type=\"widget\" data-e-type=\"widget\" data-widget_type=\"image.default\">\n\t\t\t\t\t\t\t\t\t\t\t\t\t\t\t<img decoding=\"async\" width=\"300\" height=\"110\" src=\"https:\/\/arngast-immobilienmanagement.de\/wp-content\/uploads\/2025\/08\/Arngast-Logo-im-Blick-300x110.png\" class=\"attachment-medium size-medium wp-image-391\" alt=\"\" srcset=\"https:\/\/arngast-immobilienmanagement.de\/wp-content\/uploads\/2025\/08\/Arngast-Logo-im-Blick-300x110.png 300w, https:\/\/arngast-immobilienmanagement.de\/wp-content\/uploads\/2025\/08\/Arngast-Logo-im-Blick-1024x375.png 1024w, https:\/\/arngast-immobilienmanagement.de\/wp-content\/uploads\/2025\/08\/Arngast-Logo-im-Blick-768x281.png 768w, https:\/\/arngast-immobilienmanagement.de\/wp-content\/uploads\/2025\/08\/Arngast-Logo-im-Blick-1536x562.png 1536w, https:\/\/arngast-immobilienmanagement.de\/wp-content\/uploads\/2025\/08\/Arngast-Logo-im-Blick.png 1873w\" sizes=\"(max-width: 300px) 100vw, 300px\" \/>\t\t\t\t\t\t\t\t\t\t\t\t\t\t\t<\/div>\n\t\t\t\t<div class=\"elementor-element elementor-element-a4725fc elementor-nav-menu__align-center elementor-nav-menu--dropdown-tablet elementor-nav-menu__text-align-aside elementor-nav-menu--toggle elementor-nav-menu--burger elementor-widget elementor-widget-nav-menu\" data-id=\"a4725fc\" data-element_type=\"widget\" data-e-type=\"widget\" data-settings=\"{&quot;layout&quot;:&quot;horizontal&quot;,&quot;submenu_icon&quot;:{&quot;value&quot;:&quot;&lt;svg aria-hidden=\\&quot;true\\&quot; class=\\&quot;e-font-icon-svg e-fas-caret-down\\&quot; viewBox=\\&quot;0 0 320 512\\&quot; xmlns=\\&quot;http:\\\/\\\/www.w3.org\\\/2000\\\/svg\\&quot;&gt;&lt;path d=\\&quot;M31.3 192h257.3c17.8 0 26.7 21.5 14.1 34.1L174.1 354.8c-7.8 7.8-20.5 7.8-28.3 0L17.2 226.1C4.6 213.5 13.5 192 31.3 192z\\&quot;&gt;&lt;\\\/path&gt;&lt;\\\/svg&gt;&quot;,&quot;library&quot;:&quot;fa-solid&quot;},&quot;toggle&quot;:&quot;burger&quot;}\" data-widget_type=\"nav-menu.default\">\n\t\t\t\t\t\t\t\t<nav aria-label=\"Menu\" class=\"elementor-nav-menu--main elementor-nav-menu__container elementor-nav-menu--layout-horizontal e--pointer-underline e--animation-fade\">\n\t\t\t\t<ul id=\"menu-1-a4725fc\" class=\"elementor-nav-menu\"><li class=\"menu-item menu-item-type-post_type menu-item-object-page menu-item-home menu-item-228\"><a href=\"https:\/\/arngast-immobilienmanagement.de\/\" class=\"elementor-item\">Startseite<\/a><\/li>\n<li class=\"menu-item menu-item-type-post_type menu-item-object-page menu-item-361\"><a href=\"https:\/\/arngast-immobilienmanagement.de\/index.php\/immobilienverwaltung-wilhelmshaven-friesland-ueber-uns-arngast-immobilienmanagement\/\" class=\"elementor-item\">\u00dcber uns<\/a><\/li>\n<li class=\"menu-item menu-item-type-post_type menu-item-object-page menu-item-359\"><a href=\"https:\/\/arngast-immobilienmanagement.de\/index.php\/leistungen\/\" class=\"elementor-item\">Leistungen<\/a><\/li>\n<li class=\"menu-item menu-item-type-post_type menu-item-object-page menu-item-360\"><a href=\"https:\/\/arngast-immobilienmanagement.de\/index.php\/kontakt\/\" class=\"elementor-item\">Kontakt<\/a><\/li>\n<\/ul>\t\t\t<\/nav>\n\t\t\t\t\t<div class=\"elementor-menu-toggle\" role=\"button\" tabindex=\"0\" aria-label=\"Men\u00fc Umschalter\" aria-expanded=\"false\">\n\t\t\t<svg aria-hidden=\"true\" role=\"presentation\" class=\"elementor-menu-toggle__icon--open e-font-icon-svg e-eicon-menu-bar\" viewBox=\"0 0 1000 1000\" xmlns=\"http:\/\/www.w3.org\/2000\/svg\"><path d=\"M104 333H896C929 333 958 304 958 271S929 208 896 208H104C71 208 42 237 42 271S71 333 104 333ZM104 583H896C929 583 958 554 958 521S929 458 896 458H104C71 458 42 487 42 521S71 583 104 583ZM104 833H896C929 833 958 804 958 771S929 708 896 708H104C71 708 42 737 42 771S71 833 104 833Z\"><\/path><\/svg><svg aria-hidden=\"true\" role=\"presentation\" class=\"elementor-menu-toggle__icon--close e-font-icon-svg e-eicon-close\" viewBox=\"0 0 1000 1000\" xmlns=\"http:\/\/www.w3.org\/2000\/svg\"><path d=\"M742 167L500 408 258 167C246 154 233 150 217 150 196 150 179 158 167 167 154 179 150 196 150 212 150 229 154 242 171 254L408 500 167 742C138 771 138 800 167 829 196 858 225 858 254 829L496 587 738 829C750 842 767 846 783 846 800 846 817 842 829 829 842 817 846 804 846 783 846 767 842 750 829 737L588 500 833 258C863 229 863 200 833 171 804 137 775 137 742 167Z\"><\/path><\/svg>\t\t<\/div>\n\t\t\t\t\t<nav class=\"elementor-nav-menu--dropdown elementor-nav-menu__container\" aria-hidden=\"true\">\n\t\t\t\t<ul id=\"menu-2-a4725fc\" class=\"elementor-nav-menu\"><li class=\"menu-item menu-item-type-post_type menu-item-object-page menu-item-home menu-item-228\"><a href=\"https:\/\/arngast-immobilienmanagement.de\/\" class=\"elementor-item\" tabindex=\"-1\">Startseite<\/a><\/li>\n<li class=\"menu-item menu-item-type-post_type menu-item-object-page menu-item-361\"><a href=\"https:\/\/arngast-immobilienmanagement.de\/index.php\/immobilienverwaltung-wilhelmshaven-friesland-ueber-uns-arngast-immobilienmanagement\/\" class=\"elementor-item\" tabindex=\"-1\">\u00dcber uns<\/a><\/li>\n<li class=\"menu-item menu-item-type-post_type menu-item-object-page menu-item-359\"><a href=\"https:\/\/arngast-immobilienmanagement.de\/index.php\/leistungen\/\" class=\"elementor-item\" tabindex=\"-1\">Leistungen<\/a><\/li>\n<li class=\"menu-item menu-item-type-post_type menu-item-object-page menu-item-360\"><a href=\"https:\/\/arngast-immobilienmanagement.de\/index.php\/kontakt\/\" class=\"elementor-item\" tabindex=\"-1\">Kontakt<\/a><\/li>\n<\/ul>\t\t\t<\/nav>\n\t\t\t\t\t\t<\/div>\n\t\t\t\t\t<\/div>\n\t\t\t\t<\/div>\n\t\t\t\t<section class=\"elementor-section elementor-top-section elementor-element elementor-element-8666048 elementor-reverse-tablet elementor-reverse-mobile elementor-section-boxed elementor-section-height-default elementor-section-height-default\" data-id=\"8666048\" data-element_type=\"section\" data-e-type=\"section\" data-settings=\"{&quot;background_background&quot;:&quot;gradient&quot;}\">\n\t\t\t\t\t\t\t<div class=\"elementor-background-overlay\"><\/div>\n\t\t\t\t\t\t\t<div class=\"elementor-container elementor-column-gap-no\">\n\t\t\t\t\t<div class=\"elementor-column elementor-col-100 elementor-top-column elementor-element elementor-element-d7dab91\" data-id=\"d7dab91\" data-element_type=\"column\" data-e-type=\"column\">\n\t\t\t<div class=\"elementor-widget-wrap elementor-element-populated\">\n\t\t\t\t\t\t<div class=\"elementor-element elementor-element-23feb8e elementor-widget elementor-widget-heading\" data-id=\"23feb8e\" data-element_type=\"widget\" data-e-type=\"widget\" data-widget_type=\"heading.default\">\n\t\t\t\t\t<h1 class=\"elementor-heading-title elementor-size-default\">Kontakt<\/h1>\t\t\t\t<\/div>\n\t\t\t\t<div class=\"elementor-element elementor-element-5ee81b5 elementor-widget elementor-widget-heading\" data-id=\"5ee81b5\" data-element_type=\"widget\" data-e-type=\"widget\" data-widget_type=\"heading.default\">\n\t\t\t\t\t<p class=\"elementor-heading-title elementor-size-default\">Mit ARNGAST Immobilienmanagement haben Sie einen Partner an Ihrer Seite, der <strong data-start=\"5720\" data-end=\"5769\">verl\u00e4sslich, kompetent und regional verankert<\/strong> ist. Vertrauen Sie auf eine Immobilienverwaltung, die nicht nur organisiert, sondern aktiv gestaltet und Verantwortung \u00fcbernimmt.<\/p>\t\t\t\t<\/div>\n\t\t\t\t\t<\/div>\n\t\t<\/div>\n\t\t\t\t\t<\/div>\n\t\t<\/section>\n\t\t\t\t<section class=\"elementor-section elementor-top-section elementor-element elementor-element-6c02e08 elementor-section-boxed elementor-section-height-default elementor-section-height-default\" data-id=\"6c02e08\" data-element_type=\"section\" data-e-type=\"section\" id=\"contact_section\">\n\t\t\t\t\t\t<div class=\"elementor-container elementor-column-gap-no\">\n\t\t\t\t\t<div class=\"elementor-column elementor-col-50 elementor-top-column elementor-element elementor-element-c82e69a\" data-id=\"c82e69a\" data-element_type=\"column\" data-e-type=\"column\">\n\t\t\t<div class=\"elementor-widget-wrap elementor-element-populated\">\n\t\t\t\t\t\t<div class=\"elementor-element elementor-element-2452079 elementor-widget elementor-widget-heading\" data-id=\"2452079\" data-element_type=\"widget\" data-e-type=\"widget\" data-widget_type=\"heading.default\">\n\t\t\t\t\t<p class=\"elementor-heading-title elementor-size-default\">Sie m\u00f6chten mehr \u00fcber unsere Leistungen erfahren oder ein individuelles Angebot erhalten? Dann nehmen Sie Kontakt mit uns auf \u2013 wir freuen uns darauf, Sie kennenzulernen.<\/p>\t\t\t\t<\/div>\n\t\t\t\t<div class=\"elementor-element elementor-element-c5050ce elementor-widget elementor-widget-eael-info-box\" data-id=\"c5050ce\" data-element_type=\"widget\" data-e-type=\"widget\" data-widget_type=\"eael-info-box.default\">\n\t\t\t\t\t        <div class=\"eael-infobox icon-on-left\">\n\t            <div class=\"infobox-content\">\n                    <div class=\"infobox-title-section\">\n                <h2 class=\"title\">Adresse<\/h2>            <\/div>\n            <div><p>Flutstra\u00dfe 202<br \/>26388 Wilhelmshaven<\/p><\/div>        <\/div>\n            <\/div>\n\n\t\t\t\t\t\t<\/div>\n\t\t\t\t<div class=\"elementor-element elementor-element-48cbba6 elementor-widget elementor-widget-eael-info-box\" data-id=\"48cbba6\" data-element_type=\"widget\" data-e-type=\"widget\" data-widget_type=\"eael-info-box.default\">\n\t\t\t\t\t        <div class=\"eael-infobox icon-on-left\">\n\t            <div class=\"infobox-content\">\n                    <div class=\"infobox-title-section\">\n                <h2 class=\"title\">Kontakt<\/h2>            <\/div>\n            <div><p>Telefon: 04421 7590893<br \/>Fax: 04421 7741654<\/p><p>eMail: arngast-immo@gmx.de<\/p><\/div>        <\/div>\n            <\/div>\n\n\t\t\t\t\t\t<\/div>\n\t\t\t\t\t<\/div>\n\t\t<\/div>\n\t\t\t\t<div class=\"elementor-column elementor-col-50 elementor-top-column elementor-element elementor-element-40437fc\" data-id=\"40437fc\" data-element_type=\"column\" data-e-type=\"column\">\n\t\t\t<div class=\"elementor-widget-wrap elementor-element-populated\">\n\t\t\t\t\t\t<div class=\"elementor-element elementor-element-a1560d7 elementor-widget elementor-widget-ehp-form\" data-id=\"a1560d7\" data-element_type=\"widget\" data-e-type=\"widget\" data-settings=\"{&quot;layout_preset&quot;:&quot;quick-connect&quot;,&quot;button_width&quot;:&quot;100&quot;,&quot;button_shape&quot;:&quot;default&quot;,&quot;box_shape&quot;:&quot;sharp&quot;}\" data-widget_type=\"ehp-form.default\">\n\t\t\t\t<div class=\"elementor-widget-container\">\n\t\t\t\t\t\t\t<form class=\"has-shape-sharp shape-type-box ehp-form has-layout-preset-quick-connect\" name=\"New Form\" method=\"post\" id=\"\">\n\t\t\t\t\t<div class=\"ehp-form__text-container\">\n\t\t\t<h2 class=\"ehp-form__heading\">Kontaktieren Sie uns<\/h2><p class=\"ehp-form__description\">Wir beraten Sie pers\u00f6nlich rund um Hausverwaltung, Mietverwaltung und Objektmanagement.<\/p>\t\t<\/div>\n\t\t\t\t\t<input type=\"hidden\" name=\"post_id\" value=\"211\"\/>\n\t\t\t<input type=\"hidden\" name=\"form_id\" value=\"a1560d7\"\/>\n\t\t\t<input type=\"hidden\" name=\"referer_title\" value=\"Kontakt -\"\/>\n\n\t\t\t\t\t\t\t<input type=\"hidden\" name=\"queried_id\" value=\"211\"\/>\n\t\t\t\n\t\t\t<div class=\"ehp-form__content\">\n\t\t\t\t\t\t\t\t<div class=\"ehp-form__wrapper\">\n\t\t\t\t\t\t\t\t\t\t\t<div class=\"ehp-form__field-group is-field-type-text is-field-group-name has-width-100 has-width-md-100 has-width-sm-100 has-border has-shape-default\">\n\t\t\t\t\t\t\t\t\t\t\t\t\t\t\t<label for=\"form-field-name\" class=\"ehp-form__field-label\">\n\t\t\t\t\t\t\t\t\tName\t\t\t\t\t\t\t\t<\/label>\n\t\t\t\t\t\t\t\t\t\t\t\t\t\t\t\t\t<input size=\"1\" type=\"text\" name=\"form_fields[name]\" id=\"form-field-name\" class=\"ehp-form__field elementor-size-sm  elementor-field-textual\" placeholder=\"Name\">\n\t\t\t\t\t\t\t\t\t\t\t\t\t\t\t<\/div>\n\t\t\t\t\t\t\t\t\t\t\t<div class=\"ehp-form__field-group is-field-type-email is-field-group-email has-width-100 has-width-md-100 has-width-sm-100 is-field-required has-border has-shape-default\">\n\t\t\t\t\t\t\t\t\t\t\t\t\t\t\t<label for=\"form-field-email\" class=\"ehp-form__field-label\">\n\t\t\t\t\t\t\t\t\teMail\t\t\t\t\t\t\t\t<\/label>\n\t\t\t\t\t\t\t\t\t\t\t\t\t\t\t\t\t<input size=\"1\" type=\"email\" name=\"form_fields[email]\" id=\"form-field-email\" class=\"ehp-form__field elementor-size-sm  elementor-field-textual\" placeholder=\"Ihre eMail-Adresse\" required=\"required\" aria-required=\"true\">\n\t\t\t\t\t\t\t\t\t\t\t\t\t\t\t<\/div>\n\t\t\t\t\t\t\t\t\t\t\t<div class=\"ehp-form__field-group is-field-type-textarea is-field-group-message has-width-100 has-width-md-100 has-width-sm-100 has-border has-shape-default\">\n\t\t\t\t\t\t\t\t\t\t\t\t\t\t\t<label for=\"form-field-message\" class=\"ehp-form__field-label\">\n\t\t\t\t\t\t\t\t\tIhre Nachricht an uns\t\t\t\t\t\t\t\t<\/label>\n\t\t\t\t\t\t\t\t<textarea class=\"elementor-field-textual ehp-form__field eph-form__textarea  elementor-size-sm\" name=\"form_fields[message]\" id=\"form-field-message\" rows=\"4\" placeholder=\"Nachrich\"><\/textarea>\t\t\t\t\t\t<\/div>\n\t\t\t\t\t\t\t\t\t\t\t<div class=\"ehp-form__field-group is-field-type-ehp-acceptance is-field-group-field_cb91f0e has-width-100 has-width-md-100 has-width-sm-100 is-field-required has-border has-shape-default\">\n\t\t\t\t\t\t\t\t\t\t\t\t\t\t\t<label for=\"form-field-field_cb91f0e\" class=\"ehp-form__field-label\">\n\t\t\t\t\t\t\t\t\tIch stimme der Datenschutzbestimmung zu\t\t\t\t\t\t\t\t<\/label>\n\t\t\t\t\t\t\t\t\t\t<div class=\"elementor-field-subgroup\">\n\t\t\t<span class=\"elementor-field-option\">\n\t\t\t\t<input type=\"checkbox\" name=\"form_fields[field_cb91f0e]\" id=\"form-field-field_cb91f0e\" class=\"ehp-form__field elementor-size-sm  elementor-acceptance-field\" required=\"required\" aria-required=\"true\">\n\t\t\t\t\t\t\t<\/span>\n\t\t<\/div>\n\t\t\t\t\t\t\t\t<\/div>\n\t\t\t\t\t\t\t\t\t\t\t\t<div class=\"ehp-form__submit-group has-width-100\">\n\t\t\t<button class=\"has-shape-default shape-type-button ehp-form__button is-type-button\" type=\"submit\">\n\t\t\t\t\t\t\t\t\t\t\t\t\t\n\t\t\t\t\t\t\t\t\t<span class=\"ehp-form__button-text\">Send<\/span>\n\t\t\t\t\t\t\t<\/button>\n\t\t<\/div>\n\t\t\t\t\t\t<\/div>\n\t\t\t<\/div>\n\t\t\t<div class=\"ehp-form__overlay\"><\/div>\n\t\t<\/form>\n\t\t\t\t\t\t<\/div>\n\t\t\t\t<\/div>\n\t\t\t\t\t<\/div>\n\t\t<\/div>\n\t\t\t\t\t<\/div>\n\t\t<\/section>\n\t\t\t\t<\/div>\n\t\t","protected":false},"excerpt":{"rendered":"<p>Kontakt Mit ARNGAST Immobilienmanagement haben Sie einen Partner an Ihrer Seite, der verl\u00e4sslich, kompetent und regional verankert ist. Vertrauen Sie auf eine Immobilienverwaltung, die nicht nur organisiert, sondern aktiv gestaltet und Verantwortung \u00fcbernimmt. Sie m\u00f6chten mehr \u00fcber unsere Leistungen erfahren oder ein individuelles Angebot erhalten? Dann nehmen Sie Kontakt mit uns auf \u2013 wir freuen [&hellip;]<\/p>\n","protected":false},"author":1,"featured_media":0,"parent":0,"menu_order":0,"comment_status":"closed","ping_status":"closed","template":"elementor_header_footer","meta":{"footnotes":""},"class_list":["post-211","page","type-page","status-publish","hentry"],"yoast_head":"<!-- This site is optimized with the Yoast SEO plugin v27.4 - https:\/\/yoast.com\/product\/yoast-seo-wordpress\/ -->\n<title>Kontakt -<\/title>\n<meta name=\"robots\" content=\"index, follow, max-snippet:-1, max-image-preview:large, max-video-preview:-1\" \/>\n<link rel=\"canonical\" href=\"https:\/\/arngast-immobilienmanagement.de\/index.php\/kontakt\/\" \/>\n<meta property=\"og:locale\" content=\"de_DE\" \/>\n<meta property=\"og:type\" content=\"article\" \/>\n<meta property=\"og:title\" content=\"Kontakt -\" \/>\n<meta property=\"og:description\" content=\"Kontakt Mit ARNGAST Immobilienmanagement haben Sie einen Partner an Ihrer Seite, der verl\u00e4sslich, kompetent und regional verankert ist. Vertrauen Sie auf eine Immobilienverwaltung, die nicht nur organisiert, sondern aktiv gestaltet und Verantwortung \u00fcbernimmt. Sie m\u00f6chten mehr \u00fcber unsere Leistungen erfahren oder ein individuelles Angebot erhalten? Dann nehmen Sie Kontakt mit uns auf \u2013 wir freuen [&hellip;]\" \/>\n<meta property=\"og:url\" content=\"https:\/\/arngast-immobilienmanagement.de\/index.php\/kontakt\/\" \/>\n<meta property=\"article:modified_time\" content=\"2025-10-02T09:42:06+00:00\" \/>\n<meta property=\"og:image\" content=\"https:\/\/arngast-immobilienmanagement.de\/wp-content\/uploads\/2025\/08\/Arngast-Logo-im-Blick.png\" \/>\n\t<meta property=\"og:image:width\" content=\"1873\" \/>\n\t<meta property=\"og:image:height\" content=\"685\" \/>\n\t<meta property=\"og:image:type\" content=\"image\/png\" \/>\n<meta name=\"twitter:card\" content=\"summary_large_image\" \/>\n<meta name=\"twitter:label1\" content=\"Gesch\u00e4tzte Lesezeit\" \/>\n\t<meta name=\"twitter:data1\" content=\"1\u00a0Minute\" \/>\n<script type=\"application\/ld+json\" class=\"yoast-schema-graph\">{\"@context\":\"https:\\\/\\\/schema.org\",\"@graph\":[{\"@type\":\"WebPage\",\"@id\":\"https:\\\/\\\/arngast-immobilienmanagement.de\\\/index.php\\\/kontakt\\\/\",\"url\":\"https:\\\/\\\/arngast-immobilienmanagement.de\\\/index.php\\\/kontakt\\\/\",\"name\":\"Kontakt -\",\"isPartOf\":{\"@id\":\"https:\\\/\\\/arngast-immobilienmanagement.de\\\/#website\"},\"primaryImageOfPage\":{\"@id\":\"https:\\\/\\\/arngast-immobilienmanagement.de\\\/index.php\\\/kontakt\\\/#primaryimage\"},\"image\":{\"@id\":\"https:\\\/\\\/arngast-immobilienmanagement.de\\\/index.php\\\/kontakt\\\/#primaryimage\"},\"thumbnailUrl\":\"https:\\\/\\\/arngast-immobilienmanagement.de\\\/wp-content\\\/uploads\\\/2025\\\/08\\\/Arngast-Logo-im-Blick-300x110.png\",\"datePublished\":\"2025-08-27T08:56:25+00:00\",\"dateModified\":\"2025-10-02T09:42:06+00:00\",\"breadcrumb\":{\"@id\":\"https:\\\/\\\/arngast-immobilienmanagement.de\\\/index.php\\\/kontakt\\\/#breadcrumb\"},\"inLanguage\":\"de\",\"potentialAction\":[{\"@type\":\"ReadAction\",\"target\":[\"https:\\\/\\\/arngast-immobilienmanagement.de\\\/index.php\\\/kontakt\\\/\"]}]},{\"@type\":\"ImageObject\",\"inLanguage\":\"de\",\"@id\":\"https:\\\/\\\/arngast-immobilienmanagement.de\\\/index.php\\\/kontakt\\\/#primaryimage\",\"url\":\"https:\\\/\\\/arngast-immobilienmanagement.de\\\/wp-content\\\/uploads\\\/2025\\\/08\\\/Arngast-Logo-im-Blick.png\",\"contentUrl\":\"https:\\\/\\\/arngast-immobilienmanagement.de\\\/wp-content\\\/uploads\\\/2025\\\/08\\\/Arngast-Logo-im-Blick.png\",\"width\":1873,\"height\":685},{\"@type\":\"BreadcrumbList\",\"@id\":\"https:\\\/\\\/arngast-immobilienmanagement.de\\\/index.php\\\/kontakt\\\/#breadcrumb\",\"itemListElement\":[{\"@type\":\"ListItem\",\"position\":1,\"name\":\"Home\",\"item\":\"https:\\\/\\\/arngast-immobilienmanagement.de\\\/\"},{\"@type\":\"ListItem\",\"position\":2,\"name\":\"Kontakt\"}]},{\"@type\":\"WebSite\",\"@id\":\"https:\\\/\\\/arngast-immobilienmanagement.de\\\/#website\",\"url\":\"https:\\\/\\\/arngast-immobilienmanagement.de\\\/\",\"name\":\"\",\"description\":\"\",\"potentialAction\":[{\"@type\":\"SearchAction\",\"target\":{\"@type\":\"EntryPoint\",\"urlTemplate\":\"https:\\\/\\\/arngast-immobilienmanagement.de\\\/?s={search_term_string}\"},\"query-input\":{\"@type\":\"PropertyValueSpecification\",\"valueRequired\":true,\"valueName\":\"search_term_string\"}}],\"inLanguage\":\"de\"}]}<\/script>\n<!-- \/ Yoast SEO plugin. -->","yoast_head_json":{"title":"Kontakt -","robots":{"index":"index","follow":"follow","max-snippet":"max-snippet:-1","max-image-preview":"max-image-preview:large","max-video-preview":"max-video-preview:-1"},"canonical":"https:\/\/arngast-immobilienmanagement.de\/index.php\/kontakt\/","og_locale":"de_DE","og_type":"article","og_title":"Kontakt -","og_description":"Kontakt Mit ARNGAST Immobilienmanagement haben Sie einen Partner an Ihrer Seite, der verl\u00e4sslich, kompetent und regional verankert ist. Vertrauen Sie auf eine Immobilienverwaltung, die nicht nur organisiert, sondern aktiv gestaltet und Verantwortung \u00fcbernimmt. Sie m\u00f6chten mehr \u00fcber unsere Leistungen erfahren oder ein individuelles Angebot erhalten? Dann nehmen Sie Kontakt mit uns auf \u2013 wir freuen [&hellip;]","og_url":"https:\/\/arngast-immobilienmanagement.de\/index.php\/kontakt\/","article_modified_time":"2025-10-02T09:42:06+00:00","og_image":[{"width":1873,"height":685,"url":"https:\/\/arngast-immobilienmanagement.de\/wp-content\/uploads\/2025\/08\/Arngast-Logo-im-Blick.png","type":"image\/png"}],"twitter_card":"summary_large_image","twitter_misc":{"Gesch\u00e4tzte Lesezeit":"1\u00a0Minute"},"schema":{"@context":"https:\/\/schema.org","@graph":[{"@type":"WebPage","@id":"https:\/\/arngast-immobilienmanagement.de\/index.php\/kontakt\/","url":"https:\/\/arngast-immobilienmanagement.de\/index.php\/kontakt\/","name":"Kontakt -","isPartOf":{"@id":"https:\/\/arngast-immobilienmanagement.de\/#website"},"primaryImageOfPage":{"@id":"https:\/\/arngast-immobilienmanagement.de\/index.php\/kontakt\/#primaryimage"},"image":{"@id":"https:\/\/arngast-immobilienmanagement.de\/index.php\/kontakt\/#primaryimage"},"thumbnailUrl":"https:\/\/arngast-immobilienmanagement.de\/wp-content\/uploads\/2025\/08\/Arngast-Logo-im-Blick-300x110.png","datePublished":"2025-08-27T08:56:25+00:00","dateModified":"2025-10-02T09:42:06+00:00","breadcrumb":{"@id":"https:\/\/arngast-immobilienmanagement.de\/index.php\/kontakt\/#breadcrumb"},"inLanguage":"de","potentialAction":[{"@type":"ReadAction","target":["https:\/\/arngast-immobilienmanagement.de\/index.php\/kontakt\/"]}]},{"@type":"ImageObject","inLanguage":"de","@id":"https:\/\/arngast-immobilienmanagement.de\/index.php\/kontakt\/#primaryimage","url":"https:\/\/arngast-immobilienmanagement.de\/wp-content\/uploads\/2025\/08\/Arngast-Logo-im-Blick.png","contentUrl":"https:\/\/arngast-immobilienmanagement.de\/wp-content\/uploads\/2025\/08\/Arngast-Logo-im-Blick.png","width":1873,"height":685},{"@type":"BreadcrumbList","@id":"https:\/\/arngast-immobilienmanagement.de\/index.php\/kontakt\/#breadcrumb","itemListElement":[{"@type":"ListItem","position":1,"name":"Home","item":"https:\/\/arngast-immobilienmanagement.de\/"},{"@type":"ListItem","position":2,"name":"Kontakt"}]},{"@type":"WebSite","@id":"https:\/\/arngast-immobilienmanagement.de\/#website","url":"https:\/\/arngast-immobilienmanagement.de\/","name":"","description":"","potentialAction":[{"@type":"SearchAction","target":{"@type":"EntryPoint","urlTemplate":"https:\/\/arngast-immobilienmanagement.de\/?s={search_term_string}"},"query-input":{"@type":"PropertyValueSpecification","valueRequired":true,"valueName":"search_term_string"}}],"inLanguage":"de"}]}},"_links":{"self":[{"href":"https:\/\/arngast-immobilienmanagement.de\/index.php\/wp-json\/wp\/v2\/pages\/211","targetHints":{"allow":["GET"]}}],"collection":[{"href":"https:\/\/arngast-immobilienmanagement.de\/index.php\/wp-json\/wp\/v2\/pages"}],"about":[{"href":"https:\/\/arngast-immobilienmanagement.de\/index.php\/wp-json\/wp\/v2\/types\/page"}],"author":[{"embeddable":true,"href":"https:\/\/arngast-immobilienmanagement.de\/index.php\/wp-json\/wp\/v2\/users\/1"}],"replies":[{"embeddable":true,"href":"https:\/\/arngast-immobilienmanagement.de\/index.php\/wp-json\/wp\/v2\/comments?post=211"}],"version-history":[{"count":35,"href":"https:\/\/arngast-immobilienmanagement.de\/index.php\/wp-json\/wp\/v2\/pages\/211\/revisions"}],"predecessor-version":[{"id":543,"href":"https:\/\/arngast-immobilienmanagement.de\/index.php\/wp-json\/wp\/v2\/pages\/211\/revisions\/543"}],"wp:attachment":[{"href":"https:\/\/arngast-immobilienmanagement.de\/index.php\/wp-json\/wp\/v2\/media?parent=211"}],"curies":[{"name":"wp","href":"https:\/\/api.w.org\/{rel}","templated":true}]}}